{"id":135,"date":"2020-11-05T01:14:29","date_gmt":"2020-11-05T00:14:29","guid":{"rendered":"http:\/\/adicef.com\/?page_id=135"},"modified":"2025-09-15T15:26:40","modified_gmt":"2025-09-15T13:26:40","slug":"vie-de-lassociation-assemblees-generales","status":"publish","type":"page","link":"https:\/\/adicef.com\/?page_id=135","title":{"rendered":"Comptes et Assembl\u00e9es G\u00e9n\u00e9rales"},"content":{"rendered":"\n<p><strong>Comptes 2024 et Assembl\u00e9e g\u00e9n\u00e9rale ordinaire202<\/strong>5<\/p>\n\n\n\n<div class=\"wp-block-file\"><a href=\"https:\/\/adicef.com\/wp-content\/uploads\/2025\/09\/Rapport-moral-2025.pdf\">Rapport-moral-2025<\/a><a href=\"https:\/\/adicef.com\/wp-content\/uploads\/2025\/09\/Rapport-moral-2025.pdf\" class=\"wp-block-file__button\" download>T\u00e9l\u00e9charger<\/a><\/div>\n\n\n\n<div class=\"wp-block-file\"><a href=\"https:\/\/adicef.com\/wp-content\/uploads\/2025\/09\/rapport-financier-2024AGO-2025.docx\">rapport-financier-2024AGO-2025<\/a><a href=\"https:\/\/adicef.com\/wp-content\/uploads\/2025\/09\/rapport-financier-2024AGO-2025.docx\" class=\"wp-block-file__button\" download>T\u00e9l\u00e9charger<\/a><\/div>\n\n\n\n<div class=\"wp-block-file\"><a href=\"https:\/\/adicef.com\/wp-content\/uploads\/2025\/09\/Etats-financiers-2024.pptx\">Etats-financiers-2024<\/a><a href=\"https:\/\/adicef.com\/wp-content\/uploads\/2025\/09\/Etats-financiers-2024.pptx\" class=\"wp-block-file__button\" download>T\u00e9l\u00e9charger<\/a><\/div>\n\n\n\n<div class=\"wp-block-file\"><a href=\"https:\/\/adicef.com\/wp-content\/uploads\/2025\/09\/BUDGET-ADICEF-2025.pptx\">BUDGET-ADICEF-2025<\/a><a href=\"https:\/\/adicef.com\/wp-content\/uploads\/2025\/09\/BUDGET-ADICEF-2025.pptx\" class=\"wp-block-file__button\" download>T\u00e9l\u00e9charger<\/a><\/div>\n\n\n\n<div class=\"wp-block-file\"><a href=\"https:\/\/adicef.com\/wp-content\/uploads\/2025\/09\/PROJET-PV-AGO-2025.pdf\">PROJET-PV-AGO-2025<\/a><a href=\"https:\/\/adicef.com\/wp-content\/uploads\/2025\/09\/PROJET-PV-AGO-2025.pdf\" class=\"wp-block-file__button\" download>T\u00e9l\u00e9charger<\/a><\/div>\n\n\n\n<h2><strong>Comptes 2023 et Assembl\u00e9e g\u00e9n\u00e9rale ordinaire2024<\/strong><\/h2>\n\n\n\n<div class=\"wp-block-file\"><a href=\"https:\/\/adicef.com\/wp-content\/uploads\/2025\/04\/Projet-PV-AGO-2024.pdf\">PV-AGO-2024<\/a><a href=\"https:\/\/adicef.com\/wp-content\/uploads\/2025\/04\/Projet-PV-AGO-2024.pdf\" class=\"wp-block-file__button\" download>T\u00e9l\u00e9charger<\/a><\/div>\n\n\n\n<div class=\"wp-block-file\"><a href=\"https:\/\/adicef.com\/wp-content\/uploads\/2025\/04\/OdJ-AGO-2024.pdf\">OdJ-AGO-2024<\/a><a href=\"https:\/\/adicef.com\/wp-content\/uploads\/2025\/04\/OdJ-AGO-2024.pdf\" class=\"wp-block-file__button\" download>T\u00e9l\u00e9charger<\/a><\/div>\n\n\n\n<div class=\"wp-block-file\"><a href=\"https:\/\/adicef.com\/wp-content\/uploads\/2025\/04\/etats-financiers-2023.xlsx\">etats-financiers-2023<\/a><a href=\"https:\/\/adicef.com\/wp-content\/uploads\/2025\/04\/etats-financiers-2023.xlsx\" class=\"wp-block-file__button\" download>T\u00e9l\u00e9charger<\/a><\/div>\n\n\n\n<div class=\"wp-block-file\"><a href=\"https:\/\/adicef.com\/wp-content\/uploads\/2025\/04\/BUDGET-ADICEF-2024.pptx\">BUDGET-ADICEF-2024<\/a><a href=\"https:\/\/adicef.com\/wp-content\/uploads\/2025\/04\/BUDGET-ADICEF-2024.pptx\" class=\"wp-block-file__button\" download>T\u00e9l\u00e9charger<\/a><\/div>\n\n\n\n<div class=\"wp-block-file\"><a href=\"https:\/\/adicef.com\/wp-content\/uploads\/2025\/04\/rapport-financier-2023AGO-2024.pdf\">Rapport-financier-2023AGO-2024<\/a><a href=\"https:\/\/adicef.com\/wp-content\/uploads\/2025\/04\/rapport-financier-2023AGO-2024.pdf\" class=\"wp-block-file__button\" download>T\u00e9l\u00e9charger<\/a><\/div>\n\n\n\n<div class=\"wp-block-file\"><a href=\"https:\/\/adicef.com\/wp-content\/uploads\/2025\/04\/Rapport-moral-2023.pdf\">Rapport-moral-2023<\/a><a href=\"https:\/\/adicef.com\/wp-content\/uploads\/2025\/04\/Rapport-moral-2023.pdf\" class=\"wp-block-file__button\" download>T\u00e9l\u00e9charger<\/a><\/div>\n\n\n\n<h2><strong>Comptes 2022 et Assembl\u00e9e g\u00e9n\u00e9rale ordinaire 2023<\/strong><\/h2>\n\n\n\n<div class=\"wp-block-file\"><a href=\"https:\/\/adicef.com\/wp-content\/uploads\/2023\/04\/2023-Projet-de-PV-AGO.pdf\">2023-PV-AGO<\/a><a href=\"https:\/\/adicef.com\/wp-content\/uploads\/2023\/04\/2023-Projet-de-PV-AGO.pdf\" class=\"wp-block-file__button\" download>T\u00e9l\u00e9charger<\/a><\/div>\n\n\n\n<div class=\"wp-block-file\"><a href=\"https:\/\/adicef.com\/wp-content\/uploads\/2023\/04\/OdJ-AGO-2023.pdf\">OdJ-AGO-2023<\/a><a href=\"https:\/\/adicef.com\/wp-content\/uploads\/2023\/04\/OdJ-AGO-2023.pdf\" class=\"wp-block-file__button\" download>T\u00e9l\u00e9charger <\/a><\/div>\n\n\n\n<div class=\"wp-block-file\"><a href=\"https:\/\/adicef.com\/wp-content\/uploads\/2023\/04\/Rapport-moral-2023.pdf\">Rapport-moral-2023<\/a><a href=\"https:\/\/adicef.com\/wp-content\/uploads\/2023\/04\/Rapport-moral-2023.pdf\" class=\"wp-block-file__button\" download>T\u00e9l\u00e9charger<\/a><\/div>\n\n\n\n<div class=\"wp-block-file\"><a href=\"https:\/\/adicef.com\/wp-content\/uploads\/2023\/04\/rapport-financier-2022AGO-2023-.pdf\">rapport-financier-2022AGO-2023-<\/a><a href=\"https:\/\/adicef.com\/wp-content\/uploads\/2023\/04\/rapport-financier-2022AGO-2023-.pdf\" class=\"wp-block-file__button\" download>T\u00e9l\u00e9charger<\/a><\/div>\n\n\n\n<div class=\"wp-block-file\"><a href=\"https:\/\/adicef.com\/wp-content\/uploads\/2023\/04\/etats-financiers-2022.xlsx\">etats-financiers-2022<\/a><a href=\"https:\/\/adicef.com\/wp-content\/uploads\/2023\/04\/etats-financiers-2022.xlsx\" class=\"wp-block-file__button\" download>T\u00e9l\u00e9charger<\/a><\/div>\n\n\n\n<h2><strong>Comptes 2021 et Assembl\u00e9e g\u00e9n\u00e9rale ordinaire 2022<\/strong><\/h2>\n\n\n\n<div class=\"wp-block-file\"><a href=\"https:\/\/adicef.com\/wp-content\/uploads\/2023\/04\/2022-PV-AGO-adopte.pdf\">2022-PV-AGO-adopte<\/a><a href=\"https:\/\/adicef.com\/wp-content\/uploads\/2023\/04\/2022-PV-AGO-adopte.pdf\" class=\"wp-block-file__button\" download>T\u00e9l\u00e9charger<\/a><\/div>\n\n\n\n<div class=\"wp-block-file\"><a href=\"https:\/\/adicef.com\/wp-content\/uploads\/2022\/06\/2022-convocationAGO.pdf\">2022-convocationAGO<\/a><a href=\"https:\/\/adicef.com\/wp-content\/uploads\/2022\/06\/2022-convocationAGO.pdf\" class=\"wp-block-file__button\" download>T\u00e9l\u00e9charger<\/a><\/div>\n\n\n\n<div class=\"wp-block-file\"><a href=\"https:\/\/adicef.com\/wp-content\/uploads\/2022\/06\/Rapport-moral-2022.docx\">Rapport-moral-2022<\/a><a href=\"https:\/\/adicef.com\/wp-content\/uploads\/2022\/06\/Rapport-moral-2022.docx\" class=\"wp-block-file__button\" download>T\u00e9l\u00e9charger<\/a><\/div>\n\n\n\n<div class=\"wp-block-file\"><a href=\"https:\/\/adicef.com\/wp-content\/uploads\/2022\/06\/etats-financiers-2021.xlsx\">etats-financiers-2021<\/a><a href=\"https:\/\/adicef.com\/wp-content\/uploads\/2022\/06\/etats-financiers-2021.xlsx\" class=\"wp-block-file__button\" download>T\u00e9l\u00e9charger<\/a><\/div>\n\n\n\n<div class=\"wp-block-file\"><a href=\"https:\/\/adicef.com\/wp-content\/uploads\/2022\/06\/rapport-financier-2021AGO-2022.docx\">rapport-financier-2021AGO-2022<\/a><a href=\"https:\/\/adicef.com\/wp-content\/uploads\/2022\/06\/rapport-financier-2021AGO-2022.docx\" class=\"wp-block-file__button\" download>T\u00e9l\u00e9charger<\/a><\/div>\n\n\n\n<h2><a href=\"http:\/\/televerser\" data-type=\"URL\" data-id=\"televerser\"><strong>Comptes 2020 et Assembl\u00e9e g\u00e9n\u00e9rale ordinaire 2021<\/strong><\/a><\/h2>\n\n\n\n<div class=\"wp-block-group\"><div class=\"wp-block-group__inner-container\">\n<div class=\"wp-block-file\"><a href=\"https:\/\/adicef.com\/wp-content\/uploads\/2022\/06\/2021-PV-AGO.doc\">2021-PV-AGO<\/a><a href=\"https:\/\/adicef.com\/wp-content\/uploads\/2022\/06\/2021-PV-AGO.doc\" class=\"wp-block-file__button\" download>T\u00e9l\u00e9charger<\/a><\/div>\n\n\n\n<div class=\"wp-block-file\"><a href=\"https:\/\/adicef.com\/wp-content\/uploads\/2021\/03\/etats-financiers-2020.xlsx\">etats-financiers-2020<\/a><a href=\"https:\/\/adicef.com\/wp-content\/uploads\/2021\/03\/etats-financiers-2020.xlsx\" class=\"wp-block-file__button\" download>T\u00e9l\u00e9charger<\/a><\/div>\n\n\n\n<div class=\"wp-block-file\"><a href=\"https:\/\/adicef.com\/wp-content\/uploads\/2021\/03\/Rapport-moral-2021.pdf\">Rapport-moral-2021<\/a><a href=\"https:\/\/adicef.com\/wp-content\/uploads\/2021\/03\/Rapport-moral-2021.pdf\" class=\"wp-block-file__button\" download>T\u00e9l\u00e9charger<\/a><\/div>\n\n\n\n<div class=\"wp-block-file\"><a href=\"https:\/\/adicef.com\/wp-content\/uploads\/2021\/03\/rapport-financier-2020AGO-2021.pdf\">rapport-financier-2020AGO-2021<\/a><a href=\"https:\/\/adicef.com\/wp-content\/uploads\/2021\/03\/rapport-financier-2020AGO-2021.pdf\" class=\"wp-block-file__button\" download>T\u00e9l\u00e9charger<\/a><\/div>\n<\/div><\/div>\n\n\n\n<p><\/p>\n\n\n\n<p><\/p>\n\n\n\n<p><\/p>\n","protected":false},"excerpt":{"rendered":"<p>Comptes 2024 et Assembl\u00e9e g\u00e9n\u00e9rale ordinaire2025 Comptes 2023 et Assembl\u00e9e g\u00e9n\u00e9rale ordinaire2024 Comptes 2022 et Assembl\u00e9e g\u00e9n\u00e9rale ordinaire 2023 Comptes 2021 et Assembl\u00e9e g\u00e9n\u00e9rale ordinaire 2022 Comptes 2020 et Assembl\u00e9e g\u00e9n\u00e9rale ordinaire 2021<\/p>\n","protected":false},"author":3,"featured_media":0,"parent":0,"menu_order":0,"comment_status":"closed","ping_status":"closed","template":"","meta":[],"_links":{"self":[{"href":"https:\/\/adicef.com\/index.php?rest_route=\/wp\/v2\/pages\/135"}],"collection":[{"href":"https:\/\/adicef.com\/index.php?rest_route=\/wp\/v2\/pages"}],"about":[{"href":"https:\/\/adicef.com\/index.php?rest_route=\/wp\/v2\/types\/page"}],"author":[{"embeddable":true,"href":"https:\/\/adicef.com\/index.php?rest_route=\/wp\/v2\/users\/3"}],"replies":[{"embeddable":true,"href":"https:\/\/adicef.com\/index.php?rest_route=%2Fwp%2Fv2%2Fcomments&post=135"}],"version-history":[{"count":14,"href":"https:\/\/adicef.com\/index.php?rest_route=\/wp\/v2\/pages\/135\/revisions"}],"predecessor-version":[{"id":827,"href":"https:\/\/adicef.com\/index.php?rest_route=\/wp\/v2\/pages\/135\/revisions\/827"}],"wp:attachment":[{"href":"https:\/\/adicef.com\/index.php?rest_route=%2Fwp%2Fv2%2Fmedia&parent=135"}],"curies":[{"name":"wp","href":"https:\/\/api.w.org\/{rel}","templated":true}]}}