{"id":220,"date":"2020-11-05T15:18:34","date_gmt":"2020-11-05T14:18:34","guid":{"rendered":"http:\/\/adicef.com\/?page_id=220"},"modified":"2020-12-19T15:35:15","modified_gmt":"2020-12-19T14:35:15","slug":"autorites-comptables","status":"publish","type":"page","link":"https:\/\/adicef.com\/?page_id=220","title":{"rendered":"Autorit\u00e9s comptables"},"content":{"rendered":"\n<figure class=\"wp-block-table is-style-stripes\"><table><tbody><tr><td><\/td><td><a href=\"https:\/\/www.anc.gouv.fr\/\" target=\"_blank\" rel=\"noreferrer noopener\">ANC<\/a><\/td><td><strong>Autorit\u00e9 des Normes Comptables&nbsp;<\/strong><\/td><td><\/td><\/tr><tr><td><\/td><td><a href=\"https:\/\/www.cncc.fr\/\" target=\"_blank\" rel=\"noreferrer noopener\">CNCC<\/a><\/td><td><strong>Compagnie Nationale des Commissaires aux Comptes<\/strong>\u00a0: Descriptif de la profession de Commissaire aux comptes, l&#8217;organigramme des diff\u00e9rents comit\u00e9s, les publications en vente et un acc\u00e8s pour les membres.<br>\u00a0<\/td><td><\/td><\/tr><tr><td><\/td><td><a href=\"https:\/\/www.ifec.fr\/\" target=\"_blank\" rel=\"noreferrer noopener\">IFEC<\/a><\/td><td><strong>Institut Fran\u00e7ais des expert-comptables et des commissaires aux comptes<\/strong>\u00a0: L&#8217;association r\u00e9pond et donne son avis sur les th\u00e8mes d&#8217;actualit\u00e9 (rubrique actualit\u00e9), par exemple les retraites, la s\u00e9curit\u00e9 financi\u00e8re. Les autres rubriques sont tr\u00e8s sp\u00e9cifiques \u00e0 l&#8217;association et ses membres. La rubrique Services peut \u00eatre tr\u00e8s utile\u00a0: exemple de contrat de travail type ou publications en vente de l&#8217;association, formations pr\u00e9vues, conf\u00e9rences.<br><\/td><td><\/td><\/tr><tr><td><\/td><td><a href=\"https:\/\/www.afai.asso.fr\/\" target=\"_blank\" rel=\"noreferrer noopener\">AFAI<\/a><\/td><td><strong>Association Fran\u00e7aise de l&#8217;Audit et du Conseil Informatique<\/strong>\u00a0: On trouve les actualit\u00e9s de l&#8217;association et les \u00e9v\u00e8nements pass\u00e9s, les publications payantes. Int\u00e9ressant\u00a0: le dictionnaire des termes comptables, de l&#8217;informatique (SI) et d&#8217;internet (rubrique R\u00e9f\u00e9rentiel) et la l\u00e9gislation y aff\u00e9rent.<br>\u00a0<\/td><td><\/td><\/tr><tr><td><\/td><td><a href=\"https:\/\/www.experts-comptables.com\/\" target=\"_blank\" rel=\"noreferrer noopener\">CSOEC<\/a><\/td><td><strong>Conseil de l&#8217;Ordre des Experts Comptables<\/strong>\u00a0: Rubrique &#8220;Actualit\u00e9 hebdomadaire&#8221; bien faite (l&#8217;info peut dater de 3 semaines au plus). Les informations r\u00e9sum\u00e9es sont class\u00e9es par th\u00e8mes (\u00e9conomie, \u00e9tranger, institution).<br>Rubrique &#8220;Boutique&#8221;\u00a0int\u00e9ressante : livres \u00e0\u00a0 acheter. Les autres rubriques ne manquent pas d&#8217;int\u00e9r\u00eat non plus (petites annonces, dossiers th\u00e9matiques&#8230;<br>\u00a0<\/td><td><\/td><\/tr><tr><td><\/td><td><a href=\"https:\/\/www.efrag.org\/\" target=\"_blank\" rel=\"noreferrer noopener\">EFRAG<\/a><\/td><td><strong>European Financial Reporting Advisory Group<\/strong>\u00a0: contribue et donne un avis sur le c\u00f4t\u00e9 technique des normes IAS. Site utile pour adresser des commentaires sur les normes et sur le site ED. L&#8217;EFRAG rend disponible ses commentaires sur diff\u00e9rents th\u00e8mes.<br>\u00a0<\/td><td><\/td><\/tr><tr><td><\/td><td><a href=\"https:\/\/www.iasplus.com\/index.htm\" target=\"_blank\" rel=\"noreferrer noopener\">IASPLUS<\/a><\/td><td><strong>Site du cabinet Deloitte &amp; Touche d\u00e9di\u00e9 au normes IAS<\/strong>. Tr\u00e8s complet\u00a0!<br>Rubriques d&#8217;informations sur le Board (IASB), leur meeting, la documentation IAS avec des r\u00e9sum\u00e9s, des outils r\u00e9alis\u00e9s par le cabinet, le tout actualis\u00e9 fr\u00e9quemment\u00a0!<br>Enfin, quelques outils d&#8217;utilit\u00e9 internationale (fuseaux horaires, indicatifs t\u00e9l.)<br>\u00a0<\/td><td><\/td><\/tr><tr><td><\/td><td><a href=\"https:\/\/www.fasb.org\/\" target=\"_blank\" rel=\"noreferrer noopener\">FASB<\/a><\/td><td><strong>Financial Accounting Standards Board<\/strong>\u00a0: Site du <strong>board<\/strong> <strong>am\u00e9ricain<\/strong> o\u00f9 toutes les informations et la documentation relatives aux US GAAP sont disponibles (normes, interpr\u00e9tations, publications, Exposure Draft&#8230;)\u00a0: tr\u00e8s complet et clair\u00a0!<br>\u00a0<\/td><td><\/td><\/tr><tr><td><\/td><td><a href=\"https:\/\/www.iasc.org.uk\/\" target=\"_blank\" rel=\"noreferrer noopener\">IASB<\/a><\/td><td><strong>International Accounting Standards Board\u00a0<\/strong>:Site du <strong>Board international et surtout europ\u00e9en<\/strong>, avec les news, toutes les normes (IAS \/ IFRS), les interpr\u00e9tations (SIC), l&#8217;agenda des futurs normes ou Exposure Drafts. Une partie est r\u00e9serv\u00e9e aux abonn\u00e9s avec acc\u00e8s en avant-premi\u00e8re aux nouvelles publications et normes r\u00e9vis\u00e9es mais non publi\u00e9es officiellement pour permettre d&#8217;avancer sur la mise en oeuvre de celles-ci.<br>\u00a0<\/td><td><\/td><\/tr><tr><td><\/td><td><a href=\"https:\/\/www.ifac.org\/\" target=\"_blank\" rel=\"noreferrer noopener\">IFAC<\/a><\/td><td><strong>International Federation of Accountants<\/strong>\u00a0: Grosse organisation divis\u00e9e en plusieurs comit\u00e9s d\u00e9di\u00e9s \u00e0\u00a0 l&#8217;\u00e9ducation, l&#8217;audit ou encore l&#8217;\u00e9thique. Des standards dans ces domaines sont aussi disponibles.<\/td><td><\/td><\/tr><\/tbody><\/table><\/figure>\n","protected":false},"excerpt":{"rendered":"<p>ANC Autorit\u00e9 des Normes Comptables&nbsp; CNCC Compagnie Nationale des Commissaires aux Comptes\u00a0: Descriptif de la profession de Commissaire aux comptes, l&#8217;organigramme des diff\u00e9rents comit\u00e9s, les publications en vente et un acc\u00e8s pour les membres.\u00a0 IFEC Institut Fran\u00e7ais des expert-comptables et des commissaires aux comptes\u00a0: L&#8217;association r\u00e9pond et donne son avis sur les th\u00e8mes d&#8217;actualit\u00e9 (rubrique &hellip; <\/p>\n<p class=\"link-more\"><a href=\"https:\/\/adicef.com\/?page_id=220\" class=\"more-link\">Continuer la lecture<span class=\"screen-reader-text\"> de &laquo;&nbsp;Autorit\u00e9s comptables&nbsp;&raquo;<\/span><\/a><\/p>\n","protected":false},"author":3,"featured_media":0,"parent":0,"menu_order":0,"comment_status":"closed","ping_status":"closed","template":"","meta":[],"_links":{"self":[{"href":"https:\/\/adicef.com\/index.php?rest_route=\/wp\/v2\/pages\/220"}],"collection":[{"href":"https:\/\/adicef.com\/index.php?rest_route=\/wp\/v2\/pages"}],"about":[{"href":"https:\/\/adicef.com\/index.php?rest_route=\/wp\/v2\/types\/page"}],"author":[{"embeddable":true,"href":"https:\/\/adicef.com\/index.php?rest_route=\/wp\/v2\/users\/3"}],"replies":[{"embeddable":true,"href":"https:\/\/adicef.com\/index.php?rest_route=%2Fwp%2Fv2%2Fcomments&post=220"}],"version-history":[{"count":3,"href":"https:\/\/adicef.com\/index.php?rest_route=\/wp\/v2\/pages\/220\/revisions"}],"predecessor-version":[{"id":495,"href":"https:\/\/adicef.com\/index.php?rest_route=\/wp\/v2\/pages\/220\/revisions\/495"}],"wp:attachment":[{"href":"https:\/\/adicef.com\/index.php?rest_route=%2Fwp%2Fv2%2Fmedia&parent=220"}],"curies":[{"name":"wp","href":"https:\/\/api.w.org\/{rel}","templated":true}]}}